{"id":429,"date":"2021-08-17T12:03:51","date_gmt":"2021-08-17T12:03:51","guid":{"rendered":"https:\/\/storycraft.ro\/oferta\/?page_id=429"},"modified":"2022-04-07T05:41:38","modified_gmt":"2022-04-07T05:41:38","slug":"prezentare","status":"publish","type":"page","link":"https:\/\/storycraft.ro\/oferta\/prezentare\/","title":{"rendered":"Prezentare"},"content":{"rendered":"<p>[et_pb_section fb_built=&#8221;1&#8243; admin_label=&#8221;Hero Section&#8221; _builder_version=&#8221;4.9.4&#8243; use_background_color_gradient=&#8221;on&#8221; background_color_gradient_start=&#8221;rgba(0,0,0,0.5)&#8221; background_color_gradient_end=&#8221;rgba(0,0,0,0)&#8221; background_color_gradient_overlays_image=&#8221;on&#8221; background_image=&#8221;https:\/\/storycraft.ro\/oferta\/wp-content\/uploads\/2021\/08\/cover-heading-str-2-scaled.jpg&#8221; parallax=&#8221;on&#8221; custom_margin=&#8221;|||&#8221; custom_padding=&#8221;3%||9.3%|||&#8221;][et_pb_row _builder_version=&#8221;3.25&#8243; background_size=&#8221;initial&#8221; background_position=&#8221;top_left&#8221; background_repeat=&#8221;repeat&#8221;][et_pb_column type=&#8221;4_4&#8243; _builder_version=&#8221;3.25&#8243; custom_padding=&#8221;|||&#8221; custom_padding__hover=&#8221;|||&#8221;][et_pb_image src=&#8221;https:\/\/storycraft.ro\/oferta\/wp-content\/uploads\/2021\/08\/logo-storycraft.png&#8221; title_text=&#8221;logo storycraft&#8221; align=&#8221;center&#8221; _builder_version=&#8221;4.9.4&#8243; _module_preset=&#8221;default&#8221; width=&#8221;25%&#8221; max_width=&#8221;35%&#8221;][\/et_pb_image][et_pb_text admin_label=&#8221;Title&#8221; _builder_version=&#8221;4.9.4&#8243; text_font=&#8221;Quattrocento||||||||&#8221; text_font_size=&#8221;22px&#8221; text_line_height=&#8221;1.4em&#8221; header_font=&#8221;Lora|700||on|||||&#8221; header_text_align=&#8221;center&#8221; header_font_size=&#8221;65px&#8221; header_letter_spacing=&#8221;6px&#8221; header_line_height=&#8221;1.4em&#8221; text_orientation=&#8221;center&#8221; background_layout=&#8221;dark&#8221; max_width=&#8221;800px&#8221; module_alignment=&#8221;center&#8221; animation_style=&#8221;slide&#8221; animation_direction=&#8221;top&#8221; animation_intensity_slide=&#8221;3%&#8221; animation_starting_opacity=&#8221;100%&#8221; header_font_size_tablet=&#8221;40px&#8221; header_font_size_phone=&#8221;&#8221; header_font_size_last_edited=&#8221;on|tablet&#8221;]<\/p>\n<h1>Autori Rom\u00e2ni care merit\u0103 citi\u021bi<\/h1>\n<p>[\/et_pb_text][\/et_pb_column][\/et_pb_row][\/et_pb_section][et_pb_section fb_built=&#8221;1&#8243; admin_label=&#8221;Feature Section&#8221; _builder_version=&#8221;4.9.4&#8243; background_image=&#8221;https:\/\/storycraft.ro\/oferta\/wp-content\/uploads\/2021\/08\/cover-2.png&#8221; parallax=&#8221;on&#8221; max_width=&#8221;88%&#8221; custom_margin=&#8221;-6%||-3px|||&#8221; custom_padding=&#8221;200px||73px|||&#8221; animation_style=&#8221;slide&#8221; animation_direction=&#8221;left&#8221; animation_intensity_slide=&#8221;2%&#8221; animation_starting_opacity=&#8221;100%&#8221; box_shadow_style=&#8221;preset3&#8243; box_shadow_vertical=&#8221;80px&#8221; box_shadow_blur=&#8221;120px&#8221; box_shadow_spread=&#8221;-60px&#8221; box_shadow_color=&#8221;rgba(63,63,31,0.3)&#8221;][et_pb_row column_structure=&#8221;1_2,1_2&#8243; _builder_version=&#8221;3.25&#8243; width=&#8221;90%&#8221; max_width=&#8221;90%&#8221; use_custom_width=&#8221;on&#8221; width_unit=&#8221;off&#8221; custom_width_percent=&#8221;90%&#8221;][et_pb_column type=&#8221;1_2&#8243; _builder_version=&#8221;3.25&#8243; custom_padding=&#8221;|||&#8221; custom_padding__hover=&#8221;|||&#8221;][\/et_pb_column][et_pb_column type=&#8221;1_2&#8243; _builder_version=&#8221;3.25&#8243; custom_padding=&#8221;|||&#8221; custom_padding__hover=&#8221;|||&#8221;][et_pb_text admin_label=&#8221;Title&#8221; _builder_version=&#8221;4.9.4&#8243; text_font=&#8221;||||||||&#8221; header_font=&#8221;||||||||&#8221; header_2_font=&#8221;Lora||||||||&#8221; header_2_font_size=&#8221;60px&#8221; header_2_line_height=&#8221;1.3em&#8221; animation_style=&#8221;slide&#8221; animation_direction=&#8221;left&#8221; animation_duration=&#8221;1400ms&#8221; animation_intensity_slide=&#8221;6%&#8221; header_2_font_size_tablet=&#8221;40px&#8221; header_2_font_size_phone=&#8221;&#8221; header_2_font_size_last_edited=&#8221;on|tablet&#8221;]<\/p>\n<h2>Cine suntem?<\/h2>\n<p>[\/et_pb_text][et_pb_text _builder_version=&#8221;4.9.4&#8243; text_font=&#8221;Adamina||||||||&#8221; text_font_size=&#8221;18px&#8221; text_line_height=&#8221;2.2em&#8221; header_font=&#8221;||||||||&#8221; header_2_font=&#8221;||||||||&#8221; animation_style=&#8221;slide&#8221; animation_direction=&#8221;left&#8221; animation_duration=&#8221;1400ms&#8221; animation_delay=&#8221;100ms&#8221; animation_intensity_slide=&#8221;6%&#8221;]<\/p>\n<div class=\"t pg-1m0 pg-1x1 pg-1h4 pg-1y8 pg-1ff1 pg-1fs1 pg-1fc0 pg-1sc0 pg-1ls0 pg-1ws0\">\n<p>StoryCraft Publishing este o editur\u0103 \u00eenfiin\u021bat\u0103 \u00een 2020, dedicat\u0103 exclusiv scriitorilor rom\u00e2ni \u0219i literaturii rom\u00e2ne contemporane.<\/p>\n<p>Misiunea editurii este de a sus\u021bine \u0219i reprezenta autorii rom\u00e2ni, at\u00e2t \u00een \u021bar\u0103 c\u00e2t \u0219i \u00een str\u0103in\u0103tate, dar \u0219i de a impulsiona pia\u021ba de carte din Rom\u00e2nia.<\/p>\n<\/div>\n<p>[\/et_pb_text][\/et_pb_column][\/et_pb_row][\/et_pb_section][et_pb_section fb_built=&#8221;1&#8243; admin_label=&#8221;Featured Collections Section&#8221; _builder_version=&#8221;3.22&#8243; custom_padding=&#8221;120px||48px|||&#8221;][et_pb_row _builder_version=&#8221;3.25&#8243;][et_pb_column type=&#8221;4_4&#8243; _builder_version=&#8221;3.25&#8243; custom_padding=&#8221;|||&#8221; custom_padding__hover=&#8221;|||&#8221;][et_pb_text admin_label=&#8221;Title&#8221; _builder_version=&#8221;4.9.4&#8243; text_font=&#8221;||||||||&#8221; header_font=&#8221;Formula||||||||&#8221; header_2_font=&#8221;Lora||||||||&#8221; header_2_font_size=&#8221;60px&#8221; header_2_line_height=&#8221;1.3em&#8221; text_orientation=&#8221;center&#8221; custom_margin=&#8221;||10px|&#8221; animation_style=&#8221;fade&#8221; animation_direction=&#8221;left&#8221; animation_starting_opacity=&#8221;100%&#8221; header_2_font_size_tablet=&#8221;40px&#8221; header_2_font_size_phone=&#8221;&#8221; header_2_font_size_last_edited=&#8221;on|tablet&#8221;]<\/p>\n<h2>C\u0103r\u021bile noastre:<\/h2>\n<p>[\/et_pb_text][\/et_pb_column][\/et_pb_row][et_pb_row column_structure=&#8221;1_3,1_3,1_3&#8243; _builder_version=&#8221;3.25&#8243; max_width=&#8221;1440px&#8221; custom_margin=&#8221;20px|||&#8221; custom_padding=&#8221;|||&#8221; use_custom_width=&#8221;on&#8221; custom_width_px=&#8221;1440px&#8221; locked=&#8221;off&#8221;][et_pb_column type=&#8221;1_3&#8243; _builder_version=&#8221;3.25&#8243; custom_padding=&#8221;|||&#8221; custom_padding__hover=&#8221;|||&#8221;][et_pb_blurb title=&#8221;Liceul 13, de Radu Octavian&#8221; image=&#8221;https:\/\/storycraft.ro\/oferta\/wp-content\/uploads\/2022\/04\/liceul-13-mock-up.png&#8221; _builder_version=&#8221;4.9.4&#8243; header_font=&#8221;|700|||||||&#8221; header_text_color=&#8221;#000000&#8243; header_line_height=&#8221;2.2em&#8221; text_orientation=&#8221;center&#8221; custom_padding=&#8221;||52px|||&#8221; animation=&#8221;right&#8221; hover_enabled=&#8221;0&#8243; sticky_enabled=&#8221;0&#8243; title_text=&#8221;liceul 13 mock up&#8221;]<\/p>\n<p style=\"text-align: justify;\"><strong>Genul:<\/strong> Horror, Supranatural<br \/><strong>Editura:<\/strong>\u00a0StoryCraft Publishing<br \/><strong>Cod ISBN:<\/strong> 978-606-95057-6-2<br \/><strong>Format:<\/strong>\u00a020 * 13 cm<br \/><strong><\/strong><strong>Coperta:<\/strong>\u00a0bro\u0219at\u0103<br \/><strong>Nr. pagini la interior:<\/strong> 322<br \/><strong>Pre\u021b de list\u0103: 39<span style=\"color: #993300;\">\u00a0de lei<\/span><\/strong><\/p>\n<p>[\/et_pb_blurb][\/et_pb_column][et_pb_column type=&#8221;1_3&#8243; _builder_version=&#8221;3.25&#8243; custom_padding=&#8221;|||&#8221; custom_padding__hover=&#8221;|||&#8221;][et_pb_blurb title=&#8221;Atingeri de Vanilie, de Daniela Dumitru&#8221; image=&#8221;https:\/\/storycraft.ro\/oferta\/wp-content\/uploads\/2021\/12\/atingeri-de-vanilie-prezentare-mock-up.png&#8221; _builder_version=&#8221;4.9.4&#8243; header_font=&#8221;|700|||||||&#8221; header_text_color=&#8221;#000000&#8243; header_line_height=&#8221;2.2em&#8221; text_orientation=&#8221;center&#8221; custom_padding=&#8221;||52px|||&#8221; animation=&#8221;right&#8221;]<\/p>\n<p style=\"text-align: justify;\"><strong>Genul:<\/strong> Romance, Erotic<br \/><strong>Editura:<\/strong>\u00a0StoryCraft Publishing<br \/><strong>Cod ISBN:<\/strong> 978-606-95057-5-5<br \/><strong>Format:<\/strong>\u00a020 * 13 cm<br \/><strong><\/strong><strong>Coperta:<\/strong>\u00a0bro\u0219at\u0103<br \/><strong>Nr. pagini la interior:<\/strong> 432<br \/><strong>Pre\u021b de list\u0103: <span style=\"color: #993300;\">49 de lei<\/span><\/strong><\/p>\n<p>[\/et_pb_blurb][\/et_pb_column][et_pb_column type=&#8221;1_3&#8243; _builder_version=&#8221;3.25&#8243; custom_padding=&#8221;|||&#8221; custom_padding__hover=&#8221;|||&#8221;][et_pb_blurb title=&#8221;Intersec\u021bii, de Daniel Z\u0103rnescu&#8221; url=&#8221;https:\/\/www.storycraft.ro\/shop\/intersectii\/&#8221; url_new_window=&#8221;on&#8221; image=&#8221;https:\/\/storycraft.ro\/oferta\/wp-content\/uploads\/2021\/09\/intersectii.png&#8221; _builder_version=&#8221;4.9.4&#8243; header_font=&#8221;|700|||||||&#8221; header_text_color=&#8221;#000000&#8243; header_line_height=&#8221;2.2em&#8221; text_orientation=&#8221;center&#8221; animation=&#8221;right&#8221;]<\/p>\n<p style=\"text-align: justify;\"><strong>Genul:<\/strong> Fic\u021biune Realist\u0103, Psihologic<br \/><strong>Editura:<\/strong>\u00a0StoryCraft Publishing<br \/><strong>Cod ISBN:<\/strong> 978-606-95057-4-8<br \/><strong>Format:<\/strong>\u00a020 * 13 cm<br \/><strong><\/strong><strong>Coperta:<\/strong>\u00a0bro\u0219at\u0103<br \/><strong>Nr. pagini la interior:<\/strong> 240<br \/><strong>Pre\u021b de list\u0103: <span style=\"color: #993300;\">39 de lei<\/span><\/strong><\/p>\n<p>[\/et_pb_blurb][\/et_pb_column][\/et_pb_row][et_pb_row column_structure=&#8221;1_3,1_3,1_3&#8243; _builder_version=&#8221;3.25&#8243; max_width=&#8221;1440px&#8221; custom_margin=&#8221;20px|||&#8221; custom_padding=&#8221;|||&#8221; use_custom_width=&#8221;on&#8221; custom_width_px=&#8221;1440px&#8221; locked=&#8221;off&#8221;][et_pb_column type=&#8221;1_3&#8243; _builder_version=&#8221;3.25&#8243; custom_padding=&#8221;|||&#8221; custom_padding__hover=&#8221;|||&#8221;][et_pb_blurb title=&#8221;Pre\u021bul S\u00e2ngelui, de C\u0103t\u0103lin Ioni\u021b\u0103&#8221; url=&#8221;https:\/\/www.storycraft.ro\/shop\/pretul-sangelui\/&#8221; url_new_window=&#8221;on&#8221; image=&#8221;https:\/\/storycraft.ro\/oferta\/wp-content\/uploads\/2021\/09\/pretul-sangelui-m1.png&#8221; _builder_version=&#8221;4.9.4&#8243; header_font=&#8221;|700|||||||&#8221; header_text_color=&#8221;#000000&#8243; header_line_height=&#8221;2.2em&#8221; text_orientation=&#8221;center&#8221; animation=&#8221;right&#8221;]<\/p>\n<p style=\"text-align: justify;\"><strong>Genul:<\/strong> Crim\u0103\/Detectiv<br \/><strong>Editura:<\/strong>\u00a0StoryCraft Publishing<br \/><strong>Cod ISBN:<\/strong> <span>978-606-9505-73-1<\/span><br \/><strong>Format:<\/strong>\u00a020 * 13 cm<br \/><strong><\/strong><strong>Coperta:<\/strong>\u00a0bro\u0219at\u0103<br \/><strong>Nr. pagini la interior:<\/strong> 304<br \/><strong>Pre\u021b de list\u0103: <span style=\"color: #993300;\">39 de lei<\/span><\/strong><\/p>\n<p>[\/et_pb_blurb][\/et_pb_column][et_pb_column type=&#8221;1_3&#8243; _builder_version=&#8221;3.25&#8243; custom_padding=&#8221;|||&#8221; custom_padding__hover=&#8221;|||&#8221;][et_pb_blurb title=&#8221;Inutilii, de Cornelia Voiculescu&#8221; url=&#8221;https:\/\/www.storycraft.ro\/shop\/inutilii\/&#8221; url_new_window=&#8221;on&#8221; image=&#8221;https:\/\/storycraft.ro\/oferta\/wp-content\/uploads\/2021\/09\/inutilii-m1.png&#8221; _builder_version=&#8221;4.9.4&#8243; header_font=&#8221;|700|||||||&#8221; header_text_color=&#8221;#000000&#8243; header_line_height=&#8221;2.2em&#8221; text_orientation=&#8221;center&#8221; animation=&#8221;right&#8221;]<\/p>\n<p style=\"text-align: justify;\"><strong>Genul:<\/strong> Distopie, Government Control<br \/><strong>Editura:<\/strong>\u00a0StoryCraft Publishing<br \/><strong>Cod ISBN:<\/strong> <span>978-606-9505-72-4<\/span><br \/><strong>Format:<\/strong>\u00a020 * 13 cm<br \/><strong><\/strong><strong>Coperta:<\/strong>\u00a0bro\u0219at\u0103<br \/><strong>Nr. pagini la interior:<\/strong> 320<br \/><strong>Pre\u021b de list\u0103: <span style=\"color: #993300;\">39 de lei<\/span><\/strong><\/p>\n<p>[\/et_pb_blurb][\/et_pb_column][et_pb_column type=&#8221;1_3&#8243; _builder_version=&#8221;3.25&#8243; custom_padding=&#8221;|||&#8221; custom_padding__hover=&#8221;|||&#8221;][et_pb_blurb title=&#8221;\u0218apte Por\u021bi, de Radu Octavian&#8221; url=&#8221;https:\/\/www.storycraft.ro\/shop\/sapte-porti\/&#8221; url_new_window=&#8221;on&#8221; image=&#8221;https:\/\/storycraft.ro\/oferta\/wp-content\/uploads\/2021\/09\/sapte-porti-m1.png&#8221; _builder_version=&#8221;4.9.4&#8243; header_font=&#8221;|700|||||||&#8221; header_text_color=&#8221;#000000&#8243; header_line_height=&#8221;2.2em&#8221; text_orientation=&#8221;center&#8221; animation=&#8221;right&#8221;]<\/p>\n<p style=\"text-align: left;\"><strong>Genul:<\/strong> Fantasy, Dark<br \/><strong>Editura:<\/strong>\u00a0StoryCraft Publishing<br \/><strong>Cod ISBN:<\/strong> 978-606-9505-70-0<br \/><strong>Format:<\/strong>\u00a020 * 13 cm<br \/><strong><\/strong><strong>Coperta:<\/strong>\u00a0bro\u0219at\u0103<br \/><strong>Nr. pagini la interior:<\/strong>\u00a0256<br \/><strong>Pre\u021b de list\u0103: <span style=\"color: #993300;\">39 de lei<\/span><\/strong><\/p>\n<p>[\/et_pb_blurb][\/et_pb_column][\/et_pb_row][et_pb_row column_structure=&#8221;1_3,1_3,1_3&#8243; _builder_version=&#8221;3.25&#8243; max_width=&#8221;1440px&#8221; custom_margin=&#8221;20px|||&#8221; custom_padding=&#8221;|||&#8221; use_custom_width=&#8221;on&#8221; custom_width_px=&#8221;1440px&#8221; locked=&#8221;off&#8221;][et_pb_column type=&#8221;1_3&#8243; _builder_version=&#8221;3.25&#8243; custom_padding=&#8221;|||&#8221; custom_padding__hover=&#8221;|||&#8221;][et_pb_blurb title=&#8221;B\u0103t\u0103lia de la Socola, de C\u0103t\u0103lin Ioni\u021b\u0103&#8221; url=&#8221;https:\/\/www.storycraft.ro\/shop\/batalia-de-la-socola\/&#8221; url_new_window=&#8221;on&#8221; image=&#8221;https:\/\/storycraft.ro\/oferta\/wp-content\/uploads\/2021\/09\/batalia-de-la-socola-m1.png&#8221; _builder_version=&#8221;4.9.4&#8243; header_font=&#8221;|700|||||||&#8221; header_text_color=&#8221;#000000&#8243; header_line_height=&#8221;2.2em&#8221; text_orientation=&#8221;center&#8221; animation=&#8221;right&#8221;]<\/p>\n<p style=\"text-align: justify;\"><strong>Genul:<\/strong> Comedie, Contemporan<br \/><strong>Editura:<\/strong>\u00a0StoryCraft Publishing<br \/><strong>Cod ISBN:<\/strong> <span>978-606-9505-71-7<\/span><br \/><strong>Format:<\/strong>\u00a020 * 13 cm<br \/><strong><\/strong><strong>Coperta:<\/strong>\u00a0bro\u0219at\u0103<br \/><strong>Nr. pagini la interior:<\/strong>\u00a0256<br \/><strong>Pre\u021b de list\u0103: <span style=\"color: #993300;\">39 de lei<\/span><\/strong><\/p>\n<p>[\/et_pb_blurb][\/et_pb_column][et_pb_column type=&#8221;1_3&#8243; _builder_version=&#8221;3.25&#8243; custom_padding=&#8221;|||&#8221; custom_padding__hover=&#8221;|||&#8221;][et_pb_blurb title=&#8221;Bastardul, de Daniel Z\u0103rnescu&#8221; url=&#8221;https:\/\/www.storycraft.ro\/shop\/bastardul\/&#8221; url_new_window=&#8221;on&#8221; image=&#8221;https:\/\/storycraft.ro\/oferta\/wp-content\/uploads\/2021\/08\/bastardul-m3.png&#8221; _builder_version=&#8221;4.9.4&#8243; header_font=&#8221;|700|||||||&#8221; header_text_color=&#8221;#000000&#8243; header_line_height=&#8221;2.2em&#8221; text_orientation=&#8221;center&#8221; animation=&#8221;right&#8221;]<\/p>\n<div style=\"text-align: justify;\"><strong>Genul:<\/strong> Fic\u021biune Istoric\u0103, Family Saga<br \/><strong>Editura:<\/strong> Stepout Publishing<br \/><strong>Cod ISBN:<\/strong> <span>978-606-8655-63-5<\/span><br \/><strong>Format:<\/strong>\u00a020 * 13 cm<br \/><strong><\/strong><strong>Coperta:<\/strong>\u00a0bro\u0219at\u0103<br \/><strong>Nr. pagini la interior:<\/strong> 304<br \/><strong>Pre\u021b de list\u0103: <span style=\"color: #993300;\">39 de lei<\/span><\/strong><\/div>\n<div style=\"text-align: justify;\"><\/div>\n<p>[\/et_pb_blurb][\/et_pb_column][et_pb_column type=&#8221;1_3&#8243; _builder_version=&#8221;3.25&#8243; custom_padding=&#8221;|||&#8221; custom_padding__hover=&#8221;|||&#8221;][et_pb_blurb title=&#8221;Revolta Akienilor, de Daniel Z\u0103rnescu&#8221; url=&#8221;https:\/\/www.storycraft.ro\/shop\/revolta-akienilor\/&#8221; url_new_window=&#8221;on&#8221; image=&#8221;https:\/\/storycraft.ro\/oferta\/wp-content\/uploads\/2021\/09\/revolta-akienilor-m1.png&#8221; _builder_version=&#8221;4.9.4&#8243; header_font=&#8221;|700|||||||&#8221; header_text_color=&#8221;#000000&#8243; header_line_height=&#8221;2.2em&#8221; text_orientation=&#8221;center&#8221; animation=&#8221;right&#8221;]<\/p>\n<p style=\"text-align: justify;\"><strong>Genul:<\/strong> Fantasy, Urban<br \/><strong>Editura:<\/strong> Stepout Publishing<br \/><strong>Cod ISBN:<\/strong> <span>978-606-8655-55-0<\/span><br \/><strong>Format:<\/strong>\u00a020 * 13 cm<br \/><strong><\/strong><strong>Coperta:<\/strong>\u00a0bro\u0219at\u0103<br \/><strong>Nr. pagini la interior:<\/strong> 176<br \/><strong>Pre\u021b de list\u0103: <span style=\"color: #993300;\">39 de lei<\/span><\/strong><\/p>\n<p>[\/et_pb_blurb][\/et_pb_column][\/et_pb_row][\/et_pb_section][et_pb_section fb_built=&#8221;1&#8243; admin_label=&#8221;Blog Section&#8221; _builder_version=&#8221;3.22&#8243; use_background_color_gradient=&#8221;on&#8221; background_color_gradient_start=&#8221;#ffffff&#8221; background_color_gradient_end=&#8221;rgba(255,255,255,0)&#8221; background_color_gradient_direction=&#8221;15deg&#8221; background_color_gradient_start_position=&#8221;55%&#8221; background_color_gradient_end_position=&#8221;70%&#8221; background_color_gradient_overlays_image=&#8221;on&#8221; background_size=&#8221;initial&#8221; background_position=&#8221;top_right&#8221; custom_padding=&#8221;2px||50px|||&#8221; locked=&#8221;off&#8221;][et_pb_row _builder_version=&#8221;3.25&#8243; locked=&#8221;off&#8221;][et_pb_column type=&#8221;4_4&#8243; _builder_version=&#8221;3.25&#8243; custom_padding=&#8221;|||&#8221; custom_padding__hover=&#8221;|||&#8221;][et_pb_text admin_label=&#8221;Title&#8221; _builder_version=&#8221;4.9.4&#8243; text_font=&#8221;||||||||&#8221; header_font=&#8221;||||||||&#8221; header_line_height=&#8221;1.2em&#8221; header_2_font=&#8221;Quattrocento||||||||&#8221; header_2_font_size=&#8221;60px&#8221; header_2_line_height=&#8221;1.3em&#8221; text_orientation=&#8221;center&#8221; custom_margin=&#8221;||10px|&#8221; animation_style=&#8221;fade&#8221; animation_direction=&#8221;left&#8221; animation_starting_opacity=&#8221;100%&#8221; header_2_font_size_tablet=&#8221;40px&#8221; header_2_font_size_phone=&#8221;&#8221; header_2_font_size_last_edited=&#8221;on|tablet&#8221;]<\/p>\n<h2><strong>Magazinul Nostru:<\/strong><\/h2>\n<p>[\/et_pb_text][et_pb_button button_url=&#8221;http:\/\/storycraft.ro&#8221; url_new_window=&#8221;on&#8221; button_text=&#8221;StoryCraft.ro&#8221; button_alignment=&#8221;center&#8221; _builder_version=&#8221;4.9.4&#8243; _module_preset=&#8221;default&#8221; custom_button=&#8221;on&#8221; button_text_size=&#8221;32px&#8221; button_text_color=&#8221;#FFFFFF&#8221; button_bg_color=&#8221;#b70000&#8243;][\/et_pb_button][\/et_pb_column][\/et_pb_row][\/et_pb_section]<\/p>\n","protected":false},"excerpt":{"rendered":"<p>[et_pb_section fb_built=&#8221;1&#8243; admin_label=&#8221;Hero Section&#8221; _builder_version=&#8221;4.9.4&#8243; use_background_color_gradient=&#8221;on&#8221; background_color_gradient_start=&#8221;rgba(0,0,0,0.5)&#8221; background_color_gradient_end=&#8221;rgba(0,0,0,0)&#8221; background_color_gradient_overlays_image=&#8221;on&#8221; background_image=&#8221;https:\/\/storycraft.ro\/oferta\/wp-content\/uploads\/2021\/08\/cover-heading-str-2-scaled.jpg&#8221; parallax=&#8221;on&#8221; custom_margin=&#8221;|||&#8221; custom_padding=&#8221;3%||9.3%|||&#8221;][et_pb_row _builder_version=&#8221;3.25&#8243; background_size=&#8221;initial&#8221; background_position=&#8221;top_left&#8221; background_repeat=&#8221;repeat&#8221;][et_pb_column type=&#8221;4_4&#8243; _builder_version=&#8221;3.25&#8243; custom_padding=&#8221;|||&#8221; custom_padding__hover=&#8221;|||&#8221;][et_pb_image src=&#8221;https:\/\/storycraft.ro\/oferta\/wp-content\/uploads\/2021\/08\/logo-storycraft.png&#8221; title_text=&#8221;logo storycraft&#8221; align=&#8221;center&#8221; _builder_version=&#8221;4.9.4&#8243; _module_preset=&#8221;default&#8221; width=&#8221;25%&#8221; max_width=&#8221;35%&#8221;][\/et_pb_image][et_pb_text admin_label=&#8221;Title&#8221; _builder_version=&#8221;4.9.4&#8243; text_font=&#8221;Quattrocento||||||||&#8221; text_font_size=&#8221;22px&#8221; text_line_height=&#8221;1.4em&#8221; header_font=&#8221;Lora|700||on|||||&#8221; header_text_align=&#8221;center&#8221; header_font_size=&#8221;65px&#8221; header_letter_spacing=&#8221;6px&#8221; header_line_height=&#8221;1.4em&#8221; text_orientation=&#8221;center&#8221; background_layout=&#8221;dark&#8221; max_width=&#8221;800px&#8221; module_alignment=&#8221;center&#8221; animation_style=&#8221;slide&#8221; animation_direction=&#8221;top&#8221; animation_intensity_slide=&#8221;3%&#8221; animation_starting_opacity=&#8221;100%&#8221; header_font_size_tablet=&#8221;40px&#8221; header_font_size_phone=&#8221;&#8221; header_font_size_last_edited=&#8221;on|tablet&#8221;] Autori Rom\u00e2ni care merit\u0103 citi\u021bi [&hellip;]<\/p>\n","protected":false},"author":2,"featured_media":0,"parent":0,"menu_order":0,"comment_status":"closed","ping_status":"closed","template":"","meta":{"_et_pb_use_builder":"on","_et_pb_old_content":"","_et_gb_content_width":"","_monsterinsights_skip_tracking":false,"_monsterinsights_sitenote_active":false,"_monsterinsights_sitenote_note":"","_monsterinsights_sitenote_category":0,"footnotes":""},"class_list":["post-429","page","type-page","status-publish","hentry"],"_links":{"self":[{"href":"https:\/\/storycraft.ro\/oferta\/wp-json\/wp\/v2\/pages\/429","targetHints":{"allow":["GET"]}}],"collection":[{"href":"https:\/\/storycraft.ro\/oferta\/wp-json\/wp\/v2\/pages"}],"about":[{"href":"https:\/\/storycraft.ro\/oferta\/wp-json\/wp\/v2\/types\/page"}],"author":[{"embeddable":true,"href":"https:\/\/storycraft.ro\/oferta\/wp-json\/wp\/v2\/users\/2"}],"replies":[{"embeddable":true,"href":"https:\/\/storycraft.ro\/oferta\/wp-json\/wp\/v2\/comments?post=429"}],"version-history":[{"count":64,"href":"https:\/\/storycraft.ro\/oferta\/wp-json\/wp\/v2\/pages\/429\/revisions"}],"predecessor-version":[{"id":996,"href":"https:\/\/storycraft.ro\/oferta\/wp-json\/wp\/v2\/pages\/429\/revisions\/996"}],"wp:attachment":[{"href":"https:\/\/storycraft.ro\/oferta\/wp-json\/wp\/v2\/media?parent=429"}],"curies":[{"name":"wp","href":"https:\/\/api.w.org\/{rel}","templated":true}]}}